y 1984.
59
Calculate the remainder when 137923835 is divided by 41.
40
Calculate the remainder when 123147 is divided by 583.
134
What is the remainder when 231932 is divided by 75645?
4997
Calculate the remainder when 3312823 is divided by 662147.
2088
Calculate the remainder when 8856476 is divided by 96.
92
Calculate the remainder when 809765 is divided by 134959.
11
Calculate the remainder when 94850 is divided by 2069.
1745
Calculate the remainder when 768854 is divided by 740.
734
Calculate the remainder when 142805843 is divided by 36.
35
Calculate the remainder when 341773 is divided by 8947.
1787
What is the remainder when 1180340 is divided by 4171?
4118
Calculate the remainder when 203646963 is divided by 1369.
1368
What is the remainder when 926450 is divided by 437?
10
Calculate the remainder when 9868704 is divided by 248.
40
What is the remainder when 18813 is divided by 18764?
49
What is the remainder when 492618 is divided by 8057?
1141
Calculate the remainder when 359 is divided by 9.
8
Calculate the remainder when 201251 is divided by 943.
392
Calculate the remainder when 299733 is divided by 299452.
281
What is the remainder when 8364981 is divided by 41?
38
What is the remainder when 122161730 is divided by 308?
306
What is the remainder when 698518 is divided by 349254?
10
What is the remainder when 1661719 is divided by 127824?
7
Calculate the remainder when 497411 is divided by 308.
299
What is the remainder when 8386497 is divided by 375?
372
Calculate the remainder when 949445 is divided by 158235.
35
Calculate the remainder when 6191456 is divided by 10.
6
What is the remainder when 11559607 is divided by 53?
42
What is the remainder when 473604785 is divided by 54?
53
What is the remainder when 45123 is divided by 20081?
4961
What is the remainder when 9075336 is divided by 65290?
26
What is the remainder when 116171 is divided by 115171?
1000
Calculate the remainder when 14879601 is divided by 5108.
5105
Calculate the remainder when 11754539 is divided by 319.
27
Calculate the remainder when 1634474 is divided by 65377.
49
What is the remainder when 763454 is divided by 2001?
1073
What is the remainder when 1529744 is divided by 6046?
106
Calculate the remainder when 10057446 is divided by 537.
510
What is the remainder when 34632047 is divided by 642?
641
Calculate the remainder when 192002997 is divided by 187.
186
Calculate the remainder when 618037 is divided by 176.
101
What is the remainder when 4193028 is divided by 1397674?
6
What is the remainder when 2007375 is divided by 100301?
1355
What is the remainder when 51058 is divided by 17001?
55
What is the remainder when 53771 is divided by 861?
389
Calculate the remainder when 17190584 is divided by 1016.
880
Calculate the remainder when 51418245 is divided by 71713.
24
Calculate the remainder when 2471103 is divided by 91522.
9
Calculate the remainder when 5457971 is divided by 3565.
3521
Calculate the remainder when 8666870 is divided by 11241.
59
Calculate the remainder when 8934493 is divided by 1786897.
8
What is the remainder when 169144 is divided by 42269?
68
Calculate the remainder when 957789 is divided by 106.
79
What is the remainder when 43309 is divided by 1352?
45
Calculate the remainder when 2227720 is divided by 101259.
22
What is the remainder when 2414001 is divided by 2413934?
67
Calculate the remainder when 41348673 is divided by 1484.
1465
What is the remainder when 11828334 is divided by 3942770?
24
Calculate the remainder when 121326 is divided by 12132.
6
Calculate the remainder when 5540579 is divided by 16.
3
What is the remainder when 7389159 is divided by 307?
283
What is the remainder when 7113346 is divided by 781?
779
What is the remainder when 2156075 is divided by 1932?
1895
What is the remainder when 6356982 is divided by 2118994?
0
What is the remainder when 122363 is divided by 30521?
279
What is the remainder when 2235577 is divided by 186297?
13
Calculate the remainder when 1486379122 is divided by 1529.
1526
Calculate the remainder when 190541 is divided by 3120.
221
Calculate the remainder when 1619152 is divided by 17405.
487
What is the remainder when 629657 is divided by 1351?
91
What is the remainder when 24862165 is divided by 5140?
5125
Calculate the remainder when 153778540 is divided by 51259513.
1
What is the remainder when 22193758 is divided by 225?
208
What is the remainder when 5990578 is divided by 230?
228
What is the remainder when 13651615 is divided by 4550527?
34
What is the remainder when 30620864 is divided by 10206952?
8
What is the remainder when 4005 is divided by 2546?
1459
Calculate the remainder when 524849 is divided by 1307.
742
What is the remainder when 19239117 is divided by 153?
132
Calculate the remainder when 1929479 is divided by 5955.
59
What is the remainder when 16077556 is divided by 900?
856
Calculate the remainder when 4570957 is divided by 2285472.
13
What is the remainder when 101829240 is divided by 588?
576
Calculate the remainder when 507238 is divided by 1605.
58
What is the remainder when 20456381 is divided by 1704680?
221
Calculate the remainder when 43742 is divided by 2360.
1262
What is the remainder when 306794 is divided by 152812?
1170
What is the remainder when 2403810 is divided by 480758?
20
What is the remainder when 4145 is divided by 2828?
1317
What is the remainder when 150030 is divided by 11816?
8238
Calculate the remainder when 12011268 is divided by 297.
291
What is the remainder when 807303 is divided by 314?
9
What is the remainder when 519345 is divided by 3582?
3537
Calculate the remainder when 2159698 is divided by 2101.
1971
What is the remainder when 269237 is divided by 844?
1
Calculate the remainder when 4223 is divided by 2201.
2022
Calculate the remainder when 57377 is divided by 95.
92
Calculate the remainder when 39534779 is divided by 24.
11
Calculate the remainder when 55531 is divided by 3450.
331
Calculate the remainder when 164694 is divided by 643.
86
What is the remainder when 46042 is divided by 3828?
106
What is the remainder when 5295613 is divided by 278716?
9
What is the remainder when 78480289 is divided by 1075072?
33
Calculate the remainder when 388827 is divided by 77755.
52
What is the remainder when 65765 is divided by 32837?
91
What is the remainder when 309054 is divided by 309032?
22
Calculate the remainder when 3770415 is divided by 49.
12
Calculate the remainder when 234744 is divided by 801.
51
What is the remainder when 10260 is divided by 657?
405
Calculate the remainder when 1864792 is divided by 4126.
3966
What is the remainder when 39499 is divided by 9141?
2935
Calculate the remainder when 18259015 is divided by 49.
47
What is the remainder when 176122 is divided by 7404?
5830
Calculate the remainder when 1637962 is divided by 6577.
289
Calculate the remainder when 3879308 is divided by 38.
2
Calculate the remainder when 837824 is divided by 418834.
156
What is the remainder when 250034726 is divided by 613?
608
What is the remainder when 665206 is divided by 308?
234
Calculate the remainder when 49791635 is divided by 165972.
35
What is the remainder when 5609183 is divided by 24?
23
What is the remainder when 118512170 is divided by 1813?
1799
What is the remainder when 1400129 is divided by 4606?
4511
Calculate the remainder when 4602773 is divided by 6384.
6293
Calculate the remainder when 323172 is divided by 157853.
7466
What is the remainder when 138244267 is divided by 1670?
1667
Calculate the remainder when 33753979 is divided by 192.
187
Calculate the remainder when 3326512 is divided by 554351.
406
Calculate the remainder when 126218 is divided by 52.
14
What is the remainder when 37017972 is divided by 355?
347
What is the remainder when 196874 is divided by 5186?
4992
What is the remainder when 148727 is divided by 5153?
4443
What is the remainder when 370716 is divided by 185?
161
What is the remainder when 2973561 is divided by 646?
23
What is the remainder when 7523181 is divided by 52?
29
Calculate the remainder when 4488596 is divided by 36492.
80
What is the remainder when 17700166 is divided by 575?
516
Calculate the remainder when 69640 is divided by 3962.
2286
Calculate the remainder